{"id":1031,"date":"2019-12-09T08:54:04","date_gmt":"2019-12-09T07:54:04","guid":{"rendered":"https:\/\/pepe-neuhaus.ch\/wordpress\/?page_id=1031"},"modified":"2026-01-23T14:26:14","modified_gmt":"2026-01-23T13:26:14","slug":"medinex","status":"publish","type":"page","link":"https:\/\/pepe-neuhaus.ch\/wordpress\/medinex\/","title":{"rendered":"Medinex"},"content":{"rendered":"<div class=\"wp-block-image\">\n<figure class=\"aligncenter size-medium\"><a href=\"https:\/\/pepe-neuhaus.ch\/wordpress\/wp-content\/uploads\/2024\/02\/LOW_174153_BC_EOF_Flyer_UP_Mobile_2024_Medinex_Culture_Loisirs_A5quer_COv3_FR.pdf\"><img data-recalc-dims=\"1\" loading=\"lazy\" decoding=\"async\" width=\"300\" height=\"300\" src=\"https:\/\/i0.wp.com\/pepe-neuhaus.ch\/wordpress\/wp-content\/uploads\/2021\/04\/JPEG_170786_Banner_EoF_Medinex_700x700px_sRGB_f.jpg?resize=300%2C300&#038;ssl=1\" alt=\"\" class=\"wp-image-1380\" srcset=\"https:\/\/i0.wp.com\/pepe-neuhaus.ch\/wordpress\/wp-content\/uploads\/2021\/04\/JPEG_170786_Banner_EoF_Medinex_700x700px_sRGB_f.jpg?resize=300%2C300&amp;ssl=1 300w, https:\/\/i0.wp.com\/pepe-neuhaus.ch\/wordpress\/wp-content\/uploads\/2021\/04\/JPEG_170786_Banner_EoF_Medinex_700x700px_sRGB_f.jpg?resize=150%2C150&amp;ssl=1 150w, https:\/\/i0.wp.com\/pepe-neuhaus.ch\/wordpress\/wp-content\/uploads\/2021\/04\/JPEG_170786_Banner_EoF_Medinex_700x700px_sRGB_f.jpg?w=700&amp;ssl=1 700w\" sizes=\"auto, (max-width: 300px) 100vw, 300px\" \/><\/a><\/figure>\n<\/div>\n\n\n<h2 class=\"wp-block-heading\">Medinex Mobile<\/h2>\n\n\n\n<figure class=\"wp-block-table\"><table><tbody><tr><td class=\"has-text-align-center\" data-align=\"center\"><br>Offres exclusives<br><br>Pour les collaborateurs des institutions publiques en Suisse romande et au Tessin<br><img loading=\"lazy\" decoding=\"async\" srcset=\"https:\/\/a.storyblok.com\/f\/113473\/24x24\/93ae07cdf7\/device-mobile.svg 1x, https:\/\/a.storyblok.com\/f\/113473\/24x24\/93ae07cdf7\/device-mobile.svg 2x\" width=\"24\" height=\"24\" src=\"https:\/\/a.storyblok.com\/f\/113473\/24x24\/93ae07cdf7\/device-mobile.svg\" alt=\"alt\">Rabais exclusifs sur les abonnements mobiles, TV et Internet.<br><br><img loading=\"lazy\" decoding=\"async\" srcset=\"https:\/\/a.storyblok.com\/f\/113473\/24x24\/dd9274dfe4\/users.svg 1x, https:\/\/a.storyblok.com\/f\/113473\/24x24\/dd9274dfe4\/users.svg 2x\" width=\"24\" height=\"24\" src=\"https:\/\/a.storyblok.com\/f\/113473\/24x24\/dd9274dfe4\/users.svg\" alt=\"alt\">Des rabais \u00e9galement pour les membres de la famille. (50%) sur le tarif initial.<br><br><img loading=\"lazy\" decoding=\"async\" srcset=\"https:\/\/a.storyblok.com\/f\/113473\/24x24\/a50a781a38\/check-frame.svg 1x, https:\/\/a.storyblok.com\/f\/113473\/24x24\/a50a781a38\/check-frame.svg 2x\" width=\"24\" height=\"24\" src=\"https:\/\/a.storyblok.com\/f\/113473\/24x24\/a50a781a38\/check-frame.svg\" alt=\"alt\">Inscrivez-vous simplement aupr\u00e8s de Pepe-Neuhaus d\u00e8s maintenant et b\u00e9n\u00e9ficiez d&rsquo;avantages suppl\u00e9mentaires.<br><\/td><\/tr><tr><td class=\"has-text-align-center\" data-align=\"center\"><\/td><\/tr><\/tbody><\/table><\/figure>\n\n\n<div class=\"wp-block-image\">\n<figure class=\"aligncenter size-full\"><a href=\"mailto:info@pepe-neuhaus.ch\"><img data-recalc-dims=\"1\" decoding=\"async\" src=\"https:\/\/i0.wp.com\/pepe-neuhaus.ch\/wordpress\/wp-content\/uploads\/2026\/01\/medinex26.jpg?w=640&#038;ssl=1\" alt=\"\" class=\"wp-image-4107\"\/><\/a><\/figure>\n<\/div>\n\n\n<p class=\"has-text-align-center\">** L\u2019adh\u00e9sion au programme en tant que collaborateur ou collaboratrice de l\u2019entreprise doit \u00eatre renouvel\u00e9e tous les 12\u00a0mois \u00e0 l\u2019aide d\u2019une nouvelle v\u00e9rification d\u2019\u00e9ligibilit\u00e9. <\/p>\n\n\n\n<h2 class=\"wp-block-heading has-text-align-center\">Medinex internet et TV<\/h2>\n\n\n<div class=\"wp-block-image\">\n<figure class=\"aligncenter size-full\"><a href=\"mailto:info@pepe-neuhaus.ch\"><img data-recalc-dims=\"1\" decoding=\"async\" src=\"https:\/\/i0.wp.com\/pepe-neuhaus.ch\/wordpress\/wp-content\/uploads\/2026\/01\/medinex26-1.jpg?w=640&#038;ssl=1\" alt=\"\" class=\"wp-image-4109\"\/><\/a><\/figure>\n<\/div>\n\n\n<p><\/p>\n","protected":false},"excerpt":{"rendered":"<p>Medinex Mobile Offres exclusives Pour les collaborateurs des institutions publiques en Suisse romande et au TessinRabais exclusifs sur les abonnements mobiles, TV et Internet. Des rabais \u00e9galement pour les membres de la famille. (50%) sur le tarif initial. Inscrivez-vous simplement aupr\u00e8s de Pepe-Neuhaus d\u00e8s maintenant et b\u00e9n\u00e9ficiez d&rsquo;avantages suppl\u00e9mentaires. ** L\u2019adh\u00e9sion au programme en tant<br \/><a class=\"btn btn-theme post-btn\" href=\"https:\/\/pepe-neuhaus.ch\/wordpress\/medinex\/\">Read More<\/a><\/p>\n","protected":false},"author":1,"featured_media":0,"parent":0,"menu_order":0,"comment_status":"closed","ping_status":"closed","template":"","meta":{"jetpack_post_was_ever_published":false,"footnotes":""},"class_list":["post-1031","page","type-page","status-publish","hentry"],"jetpack_sharing_enabled":true,"_links":{"self":[{"href":"https:\/\/pepe-neuhaus.ch\/wordpress\/wp-json\/wp\/v2\/pages\/1031","targetHints":{"allow":["GET"]}}],"collection":[{"href":"https:\/\/pepe-neuhaus.ch\/wordpress\/wp-json\/wp\/v2\/pages"}],"about":[{"href":"https:\/\/pepe-neuhaus.ch\/wordpress\/wp-json\/wp\/v2\/types\/page"}],"author":[{"embeddable":true,"href":"https:\/\/pepe-neuhaus.ch\/wordpress\/wp-json\/wp\/v2\/users\/1"}],"replies":[{"embeddable":true,"href":"https:\/\/pepe-neuhaus.ch\/wordpress\/wp-json\/wp\/v2\/comments?post=1031"}],"version-history":[{"count":31,"href":"https:\/\/pepe-neuhaus.ch\/wordpress\/wp-json\/wp\/v2\/pages\/1031\/revisions"}],"predecessor-version":[{"id":4112,"href":"https:\/\/pepe-neuhaus.ch\/wordpress\/wp-json\/wp\/v2\/pages\/1031\/revisions\/4112"}],"wp:attachment":[{"href":"https:\/\/pepe-neuhaus.ch\/wordpress\/wp-json\/wp\/v2\/media?parent=1031"}],"curies":[{"name":"wp","href":"https:\/\/api.w.org\/{rel}","templated":true}]}}