{"id":1104,"date":"2020-04-23T10:10:15","date_gmt":"2020-04-23T08:10:15","guid":{"rendered":"https:\/\/pepe-neuhaus.ch\/wordpress\/?page_id=1104"},"modified":"2025-01-06T14:16:00","modified_gmt":"2025-01-06T13:16:00","slug":"services-mobiles","status":"publish","type":"page","link":"https:\/\/pepe-neuhaus.ch\/wordpress\/services-mobiles\/","title":{"rendered":"Services mobiles  by Pepe-Neuhaus"},"content":{"rendered":"\n<p>Pepe-Neuhaus vous offre de <strong>nombreux services pour vos appareils mobiles<\/strong>. Rendez-nous visite \u00e0 Givisiez avec votre t\u00e9l\u00e9phone mobile, tablette ou appareil mobile de votre choix. Que vous ayez des probl\u00e8mes techniques, de configurations, des demandes de garantie ou que vous ayez besoin de r\u00e9parations. Nous sommes l\u00e0 pour vous!<\/p>\n\n\n\n<h2 class=\"wp-block-heading\">R\u00e9partions des mobiles sur place<\/h2>\n\n\n\n<p>Nous effectuons des r\u00e9parations sur les mobiles de toutes les marques pour autant que les pi\u00e8ces soient disponibles. De types: \u00e9crans, probl\u00e8me de recharge, micro et hauts-parleurs<\/p>\n\n\n\n<h2 class=\"wp-block-heading\" id=\"configuration-de-telephone-portable\">Configuration de t\u00e9l\u00e9phone portable&nbsp;<\/h2>\n\n\n\n<p>Vous venez d&rsquo;acheter un nouveau t\u00e9l\u00e9phone et avez besoin d&rsquo;aide pour le configurer\u202f? Ou bien vous n&rsquo;\u00eates pas certain(e) de savoir le param\u00e9trer de fa\u00e7on optimale\u202f? Rendez-vous dans notre magasin et laissez-nous configurer votre appareil. Nous vous proposons ce service d\u00e8s CHF 45.-.<\/p>\n\n\n\n<h2 class=\"wp-block-heading\" id=\"support-technique\">Support technique<\/h2>\n\n\n\n<p>Nous vous proposons un support technique g\u00e9n\u00e9ral pour t\u00e9l\u00e9phone portable. Nous trouvons une solution professionnelle aux cas pr\u00e9sentant une grande difficult\u00e9 technique, mais nous nous occupons \u00e9galement volontiers des petits probl\u00e8mes et nous chargeons, par exemple, avec votre accord, des petites modifications de param\u00e9trage de votre appareil. Faites confiance \u00e0 nos collaborateurs pour r\u00e9soudre votre probl\u00e8me. Nous sommes pr\u00e9sents sur tout le territoire suisse, dans le magasin de votre choix. Pour savoir o\u00f9 nous trouver, consultez la carte de localisation de nos magasins.<\/p>\n\n\n\n<p>Un probl\u00e8me technique peut parfois cacher un v\u00e9ritable d\u00e9faut de l&rsquo;appareil. Dans ce cas et avec votre accord, nous l&rsquo;envoyons \u00e0 l&rsquo;un de nos ateliers de r\u00e9paration. Une autre solution peut aussi s&rsquo;av\u00e9rer int\u00e9ressante. Nous vous proposons bien s\u00fbr d&rsquo;autres alternatives attrayantes et vous conseillons volontiers avec comp\u00e9tence et ind\u00e9pendance.<\/p>\n\n\n\n<p>Le prix de cette prestation s&rsquo;\u00e9l\u00e8ve \u00e0 CHF 25.- les 15 min.<\/p>\n\n\n\n<h2 class=\"wp-block-heading\" id=\"transfert-de-donnees\">Transfert de donn\u00e9es <\/h2>\n\n\n\n<p>Vous souhaitez sauvegarder les donn\u00e9es de votre t\u00e9l\u00e9phone \/ appareil mobile mais vous vous demandez comment le faire dans les meilleures conditions\u202f? Nous vous aidons \u00e0 transf\u00e9rer vos donn\u00e9es vers l&rsquo;appareil de votre choix, qu&rsquo;il s&rsquo;agisse de vos contacts, photos, vid\u00e9os ou d&rsquo;autres donn\u00e9es. En plus des appareils Apple iPhone, Samsung et Huawei, nous ma\u00eetrisons \u00e9galement ceux d&rsquo;autres marques. Votre transfert de donn\u00e9es se d\u00e9roulera en 2h environ et sans probl\u00e8me. Le prix de cette prestation est factur\u00e9e d\u00e8s CHF 79.-.<\/p>\n\n\n\n<h2 class=\"wp-block-heading\" id=\"changement-de-carte-sim\">Changement de carte SIM&nbsp;<\/h2>\n\n\n\n<p>Votre carte SIM est trop grande\u202f? Nous nous chargeons de la remplacer pour vous. Ainsi vous n&rsquo;aurez pas \u00e0 en commander une nouvelle et \u00e0 attendre qu&rsquo;elle vous soit livr\u00e9e. Une nouvelle carte vous co\u00fbterait CHF 40.-. Si votre carte SIM est trop petite, vous pouvez \u00e9galement acheter chez nous un adaptateur. Pour profiter de ces services, il vous suffit de passer dans notre magasin avec votre carte SIM et votre t\u00e9l\u00e9phone portable.<\/p>\n\n\n\n<p><strong><a href=\"https:\/\/pepe-neuhaus.ch\/wordpress\/formulaire-de-contact\/\">Prenez un rendez-vous directement ici!<\/a><\/strong>  ou par t\u00e9l\u00e9phone 026\/4665400<\/p>\n\n\n\n<figure class=\"wp-block-gallery has-nested-images columns-default is-cropped wp-block-gallery-1 is-layout-flex wp-block-gallery-is-layout-flex\">\n<figure class=\"wp-block-image size-large\"><a href=\"https:\/\/i0.wp.com\/pepe-neuhaus.ch\/wordpress\/wp-content\/uploads\/2024\/09\/image-ia.png?ssl=1\"><img data-recalc-dims=\"1\" loading=\"lazy\" decoding=\"async\" width=\"640\" height=\"366\" data-id=\"3430\" src=\"https:\/\/i0.wp.com\/pepe-neuhaus.ch\/wordpress\/wp-content\/uploads\/2024\/09\/image-ia.png?resize=640%2C366&#038;ssl=1\" alt=\"\" class=\"wp-image-3430\" srcset=\"https:\/\/i0.wp.com\/pepe-neuhaus.ch\/wordpress\/wp-content\/uploads\/2024\/09\/image-ia.png?resize=1024%2C585&amp;ssl=1 1024w, https:\/\/i0.wp.com\/pepe-neuhaus.ch\/wordpress\/wp-content\/uploads\/2024\/09\/image-ia.png?resize=300%2C171&amp;ssl=1 300w, https:\/\/i0.wp.com\/pepe-neuhaus.ch\/wordpress\/wp-content\/uploads\/2024\/09\/image-ia.png?resize=768%2C439&amp;ssl=1 768w, https:\/\/i0.wp.com\/pepe-neuhaus.ch\/wordpress\/wp-content\/uploads\/2024\/09\/image-ia.png?resize=1536%2C878&amp;ssl=1 1536w, https:\/\/i0.wp.com\/pepe-neuhaus.ch\/wordpress\/wp-content\/uploads\/2024\/09\/image-ia.png?resize=1320%2C754&amp;ssl=1 1320w, https:\/\/i0.wp.com\/pepe-neuhaus.ch\/wordpress\/wp-content\/uploads\/2024\/09\/image-ia.png?w=1792&amp;ssl=1 1792w\" sizes=\"auto, (max-width: 640px) 100vw, 640px\" \/><\/a><\/figure>\n\n\n\n<figure class=\"wp-block-image size-large\"><a href=\"https:\/\/i0.wp.com\/pepe-neuhaus.ch\/wordpress\/wp-content\/uploads\/2024\/05\/transfert-scaled.jpg?ssl=1\"><img data-recalc-dims=\"1\" loading=\"lazy\" decoding=\"async\" width=\"640\" height=\"853\" data-id=\"3288\" src=\"https:\/\/i0.wp.com\/pepe-neuhaus.ch\/wordpress\/wp-content\/uploads\/2024\/05\/transfert.jpg?resize=640%2C853&#038;ssl=1\" alt=\"\" class=\"wp-image-3288\" srcset=\"https:\/\/i0.wp.com\/pepe-neuhaus.ch\/wordpress\/wp-content\/uploads\/2024\/05\/transfert-scaled.jpg?resize=768%2C1024&amp;ssl=1 768w, https:\/\/i0.wp.com\/pepe-neuhaus.ch\/wordpress\/wp-content\/uploads\/2024\/05\/transfert-scaled.jpg?resize=225%2C300&amp;ssl=1 225w, https:\/\/i0.wp.com\/pepe-neuhaus.ch\/wordpress\/wp-content\/uploads\/2024\/05\/transfert-scaled.jpg?resize=1152%2C1536&amp;ssl=1 1152w, https:\/\/i0.wp.com\/pepe-neuhaus.ch\/wordpress\/wp-content\/uploads\/2024\/05\/transfert-scaled.jpg?resize=1536%2C2048&amp;ssl=1 1536w, https:\/\/i0.wp.com\/pepe-neuhaus.ch\/wordpress\/wp-content\/uploads\/2024\/05\/transfert-scaled.jpg?resize=1320%2C1760&amp;ssl=1 1320w, https:\/\/i0.wp.com\/pepe-neuhaus.ch\/wordpress\/wp-content\/uploads\/2024\/05\/transfert-scaled.jpg?w=1920&amp;ssl=1 1920w\" sizes=\"auto, (max-width: 640px) 100vw, 640px\" \/><\/a><\/figure>\n\n\n\n<figure class=\"wp-block-image size-large\"><a href=\"https:\/\/i0.wp.com\/pepe-neuhaus.ch\/wordpress\/wp-content\/uploads\/2024\/05\/PXL_20231031_093644093.PORTRAIT-scaled.jpg?ssl=1\"><img data-recalc-dims=\"1\" loading=\"lazy\" decoding=\"async\" width=\"640\" height=\"482\" data-id=\"3287\" src=\"https:\/\/i0.wp.com\/pepe-neuhaus.ch\/wordpress\/wp-content\/uploads\/2024\/05\/PXL_20231031_093644093.PORTRAIT.jpg?resize=640%2C482&#038;ssl=1\" alt=\"\" class=\"wp-image-3287\" srcset=\"https:\/\/i0.wp.com\/pepe-neuhaus.ch\/wordpress\/wp-content\/uploads\/2024\/05\/PXL_20231031_093644093.PORTRAIT-scaled.jpg?resize=1024%2C771&amp;ssl=1 1024w, https:\/\/i0.wp.com\/pepe-neuhaus.ch\/wordpress\/wp-content\/uploads\/2024\/05\/PXL_20231031_093644093.PORTRAIT-scaled.jpg?resize=300%2C226&amp;ssl=1 300w, https:\/\/i0.wp.com\/pepe-neuhaus.ch\/wordpress\/wp-content\/uploads\/2024\/05\/PXL_20231031_093644093.PORTRAIT-scaled.jpg?resize=768%2C578&amp;ssl=1 768w, https:\/\/i0.wp.com\/pepe-neuhaus.ch\/wordpress\/wp-content\/uploads\/2024\/05\/PXL_20231031_093644093.PORTRAIT-scaled.jpg?resize=1536%2C1157&amp;ssl=1 1536w, https:\/\/i0.wp.com\/pepe-neuhaus.ch\/wordpress\/wp-content\/uploads\/2024\/05\/PXL_20231031_093644093.PORTRAIT-scaled.jpg?resize=2048%2C1542&amp;ssl=1 2048w, https:\/\/i0.wp.com\/pepe-neuhaus.ch\/wordpress\/wp-content\/uploads\/2024\/05\/PXL_20231031_093644093.PORTRAIT-scaled.jpg?resize=1320%2C994&amp;ssl=1 1320w, https:\/\/i0.wp.com\/pepe-neuhaus.ch\/wordpress\/wp-content\/uploads\/2024\/05\/PXL_20231031_093644093.PORTRAIT-scaled.jpg?w=1920&amp;ssl=1 1920w\" sizes=\"auto, (max-width: 640px) 100vw, 640px\" \/><\/a><\/figure>\n<\/figure>\n\n\n\n<p><\/p>\n\n\n\n<p><\/p>\n","protected":false},"excerpt":{"rendered":"<p>Pepe-Neuhaus vous offre de nombreux services pour vos appareils mobiles. Rendez-nous visite \u00e0 Givisiez avec votre t\u00e9l\u00e9phone mobile, tablette ou appareil mobile de votre choix. Que vous ayez des probl\u00e8mes techniques, de configurations, des demandes de garantie ou que vous ayez besoin de r\u00e9parations. Nous sommes l\u00e0 pour vous! R\u00e9partions des mobiles sur place Nous<br \/><a class=\"btn btn-theme post-btn\" href=\"https:\/\/pepe-neuhaus.ch\/wordpress\/services-mobiles\/\">Read More<\/a><\/p>\n","protected":false},"author":1,"featured_media":0,"parent":0,"menu_order":0,"comment_status":"closed","ping_status":"closed","template":"","meta":{"jetpack_post_was_ever_published":false,"footnotes":""},"class_list":["post-1104","page","type-page","status-publish","hentry"],"jetpack_sharing_enabled":true,"_links":{"self":[{"href":"https:\/\/pepe-neuhaus.ch\/wordpress\/wp-json\/wp\/v2\/pages\/1104","targetHints":{"allow":["GET"]}}],"collection":[{"href":"https:\/\/pepe-neuhaus.ch\/wordpress\/wp-json\/wp\/v2\/pages"}],"about":[{"href":"https:\/\/pepe-neuhaus.ch\/wordpress\/wp-json\/wp\/v2\/types\/page"}],"author":[{"embeddable":true,"href":"https:\/\/pepe-neuhaus.ch\/wordpress\/wp-json\/wp\/v2\/users\/1"}],"replies":[{"embeddable":true,"href":"https:\/\/pepe-neuhaus.ch\/wordpress\/wp-json\/wp\/v2\/comments?post=1104"}],"version-history":[{"count":18,"href":"https:\/\/pepe-neuhaus.ch\/wordpress\/wp-json\/wp\/v2\/pages\/1104\/revisions"}],"predecessor-version":[{"id":3621,"href":"https:\/\/pepe-neuhaus.ch\/wordpress\/wp-json\/wp\/v2\/pages\/1104\/revisions\/3621"}],"wp:attachment":[{"href":"https:\/\/pepe-neuhaus.ch\/wordpress\/wp-json\/wp\/v2\/media?parent=1104"}],"curies":[{"name":"wp","href":"https:\/\/api.w.org\/{rel}","templated":true}]}}